{"id":106,"date":"2025-01-13T14:14:16","date_gmt":"2025-01-13T13:14:16","guid":{"rendered":"https:\/\/laboratoireorganiquedelustar.fr\/?page_id=106"},"modified":"2025-12-05T11:21:37","modified_gmt":"2025-12-05T10:21:37","slug":"atelier-partage","status":"publish","type":"page","link":"https:\/\/laboratoireorganiquedelustar.fr\/index.php\/atelier-partage\/","title":{"rendered":"Atelier partag\u00e9"},"content":{"rendered":"\n<p><strong>Atelier Partag\u00e9 : L\u2019Univers et l\u2019Origine des FabLabs<\/strong><\/p>\n\n\n\n<p>Vous \u00eates curieux\u00b7se de comprendre ce qu\u2019est un FabLab, d\u2019o\u00f9 vient ce concept et pourquoi il suscite autant d\u2019enthousiasme ? Participez \u00e0 notre atelier partag\u00e9 pour plonger dans l\u2019univers des FabLabs, ces lieux de cr\u00e9ativit\u00e9 et d\u2019innovation ouverts \u00e0 tou\u00b7tes.<\/p>\n\n\n\n<h3 class=\"wp-block-heading\"><strong>Au programme :<\/strong><\/h3>\n\n\n\n<ul class=\"wp-block-list\">\n<li><strong>Les origines du mouvement FabLab<\/strong> : D\u00e9couvrez l\u2019histoire fascinante de ces laboratoires de fabrication, n\u00e9s au MIT (Massachusetts Institute of Technology), et leur vision d\u2019un acc\u00e8s d\u00e9mocratis\u00e9 \u00e0 la fabrication num\u00e9rique.<\/li>\n\n\n\n<li><strong>Les valeurs d\u2019un FabLab<\/strong> : Collaboration, partage, apprentissage par la pratique, et contribution \u00e0 une communaut\u00e9 mondiale.<\/li>\n\n\n\n<li><strong>Exploration d\u2019un FabLab en action<\/strong> : Visitez notre espace, d\u00e9couvrez nos \u00e9quipements (impression 3D, d\u00e9coupe laser, outillage manuel) et voyez comment ces outils permettent de concr\u00e9tiser des id\u00e9es.<\/li>\n\n\n\n<li><strong>Les impacts des FabLabs<\/strong> : Exemples de projets innovants dans les domaines de l\u2019\u00e9ducation, du design, de la r\u00e9paration ou encore de l\u2019\u00e9conomie circulaire.<\/li>\n<\/ul>\n\n\n\n<h3 class=\"wp-block-heading\"><strong>Pourquoi participer ?<\/strong><\/h3>\n\n\n\n<p>Cet atelier est une occasion unique d\u2019apprendre, de poser des questions, et de comprendre comment un FabLab peut \u00eatre un levier pour vos projets, qu\u2019ils soient personnels ou professionnels.<\/p>\n\n\n\n<p><strong>Rejoignez-nous pour d\u00e9couvrir un univers o\u00f9 la technologie et la cr\u00e9ativit\u00e9 s\u2019unissent pour transformer les id\u00e9es en r\u00e9alit\u00e9.<\/strong><\/p>\n\n\n\n<div style=\"height:41px\" aria-hidden=\"true\" class=\"wp-block-spacer\"><\/div>\n\n\n\n<h2 class=\"wp-block-heading has-text-align-center has-border-color has-tertiary-border-color has-max-48-font-size\" style=\"border-width:14px;line-height:1.2\"><strong>PARC MACHINE<\/strong><\/h2>\n\n\n\n<div class=\"wp-block-group has-global-padding is-layout-constrained wp-block-group-is-layout-constrained\" style=\"padding-top:var(--wp--preset--spacing--small);padding-bottom:var(--wp--preset--spacing--small)\">\n<p>Le <strong>parc machine du Laboratoire Organique de Lustar (LOL)<\/strong> est vari\u00e9 et adapt\u00e9 \u00e0 des projets de fabrication et de r\u00e9paration. Voici un aper\u00e7u des principales machines et \u00e9quipements pr\u00e9sents dans cet atelier collaboratif :<\/p>\n\n\n\n<div style=\"height:69px;width:0px\" aria-hidden=\"true\" class=\"wp-block-spacer\"><\/div>\n\n\n\n<div class=\"wp-block-columns are-vertically-aligned-top is-layout-flex wp-container-core-columns-is-layout-28f84493 wp-block-columns-is-layout-flex\">\n<div class=\"wp-block-column is-vertically-aligned-top has-global-padding is-layout-constrained wp-container-core-column-is-layout-279e0ccb wp-block-column-is-layout-constrained\">\n<div style=\"aspect-ratio:1;min-height:unset;\" class=\"wp-block-cover aligncenter has-aspect-ratio\"><img fetchpriority=\"high\" decoding=\"async\" width=\"474\" height=\"316\" class=\"wp-block-cover__image-background wp-image-648\" alt=\"\" src=\"http:\/\/localhost:8888\/wordpressLOL\/wp-content\/uploads\/2025\/01\/th-3-3.webp\" data-object-fit=\"cover\" srcset=\"https:\/\/laboratoireorganiquedelustar.fr\/wp-content\/uploads\/2025\/01\/th-3-3.webp 474w, https:\/\/laboratoireorganiquedelustar.fr\/wp-content\/uploads\/2025\/01\/th-3-3-300x200.webp 300w\" sizes=\"(max-width: 474px) 100vw, 474px\" \/><span aria-hidden=\"true\" class=\"wp-block-cover__background has-background-dim-40 has-background-dim\" style=\"background-color:#687a97\"><\/span><div class=\"wp-block-cover__inner-container is-layout-flow wp-block-cover-is-layout-flow\">\n<div class=\"wp-block-group has-global-padding is-layout-constrained wp-block-group-is-layout-constrained\">\n<p class=\"has-text-align-center has-white-color has-text-color has-background has-link-color has-x-large-font-size wp-elements-69eb94d2649fe6f577c28daedad00c23\" style=\"background-color:#ffffff42;margin-top:0;margin-right:0;margin-bottom:0;margin-left:0;padding-top:var(--wp--preset--spacing--small);padding-right:0;padding-bottom:var(--wp--preset--spacing--small);padding-left:0;text-decoration:underline\"><a href=\"http:\/\/localhost:8888\/wordpressLOL\/index.php\/655-2\/\"><strong>LAB<\/strong> <strong>Bois<\/strong><\/a><\/p>\n<\/div>\n<\/div><\/div>\n\n\n\n<div style=\"aspect-ratio:1;min-height:unset;\" class=\"wp-block-cover aligncenter has-aspect-ratio\"><img decoding=\"async\" width=\"474\" height=\"348\" class=\"wp-block-cover__image-background wp-image-651\" alt=\"\" src=\"http:\/\/localhost:8888\/wordpressLOL\/wp-content\/uploads\/2025\/01\/th-4-4.webp\" data-object-fit=\"cover\" srcset=\"https:\/\/laboratoireorganiquedelustar.fr\/wp-content\/uploads\/2025\/01\/th-4-4.webp 474w, https:\/\/laboratoireorganiquedelustar.fr\/wp-content\/uploads\/2025\/01\/th-4-4-300x220.webp 300w\" sizes=\"(max-width: 474px) 100vw, 474px\" \/><span aria-hidden=\"true\" class=\"wp-block-cover__background has-background-dim\" style=\"background-color:#687a97\"><\/span><div class=\"wp-block-cover__inner-container is-layout-flow wp-block-cover-is-layout-flow\">\n<p class=\"has-text-align-center has-white-color has-text-color has-background has-link-color wp-elements-6a65c403811eebbf36e9d580e4bae218\" style=\"background-color:#ffffff42;margin-top:0;margin-right:0;margin-bottom:0;margin-left:0;padding-top:var(--wp--preset--spacing--small);padding-right:0;padding-bottom:var(--wp--preset--spacing--small);padding-left:0;font-size:clamp(28.836px, 1.802rem + ((1vw - 3.2px) * 1.873), 50px);text-decoration:underline\"><a href=\"http:\/\/localhost:8888\/wordpressLOL\/index.php\/lab-metal\/\"><strong>LAB<\/strong> <strong>M\u00e9tal<\/strong><\/a><\/p>\n<\/div><\/div>\n\n\n\n<div style=\"aspect-ratio:1;min-height:unset;\" class=\"wp-block-cover aligncenter has-aspect-ratio\"><img decoding=\"async\" width=\"460\" height=\"374\" class=\"wp-block-cover__image-background wp-image-653\" alt=\"\" src=\"http:\/\/localhost:8888\/wordpressLOL\/wp-content\/uploads\/2025\/01\/th-7-2.webp\" data-object-fit=\"cover\" srcset=\"https:\/\/laboratoireorganiquedelustar.fr\/wp-content\/uploads\/2025\/01\/th-7-2.webp 460w, https:\/\/laboratoireorganiquedelustar.fr\/wp-content\/uploads\/2025\/01\/th-7-2-300x244.webp 300w\" sizes=\"(max-width: 460px) 100vw, 460px\" \/><span aria-hidden=\"true\" class=\"wp-block-cover__background has-background-dim-60 has-background-dim\" style=\"background-color:#687a97\"><\/span><div class=\"wp-block-cover__inner-container is-layout-flow wp-block-cover-is-layout-flow\">\n<p class=\"has-text-align-center has-white-color has-text-color has-background has-link-color wp-elements-037c1e6b116e5bbf5f237a64f8071aac\" style=\"background-color:#ffffff42;margin-top:0;margin-right:0;margin-bottom:0;margin-left:0;padding-top:0;padding-right:0;padding-bottom:0;padding-left:0;font-size:clamp(28.836px, 1.802rem + ((1vw - 3.2px) * 1.873), 50px);\"><strong><a href=\"http:\/\/localhost:8888\/wordpressLOL\/index.php\/lab-textile\/\">LAB Textile<\/a><\/strong><\/p>\n<\/div><\/div>\n\n\n\n<div class=\"wp-block-columns is-layout-flex wp-container-core-columns-is-layout-28f84493 wp-block-columns-is-layout-flex\">\n<div class=\"wp-block-column is-layout-flow wp-block-column-is-layout-flow\"><\/div>\n<\/div>\n<\/div>\n\n\n\n<div class=\"wp-block-column is-vertically-aligned-top has-global-padding is-layout-constrained wp-container-core-column-is-layout-279e0ccb wp-block-column-is-layout-constrained\">\n<div style=\"aspect-ratio:1;min-height:unset;\" class=\"wp-block-cover aligncenter is-light has-aspect-ratio\"><img loading=\"lazy\" decoding=\"async\" width=\"450\" height=\"296\" class=\"wp-block-cover__image-background wp-image-650\" alt=\"\" src=\"http:\/\/localhost:8888\/wordpressLOL\/wp-content\/uploads\/2025\/01\/th-5-2.webp\" data-object-fit=\"cover\" srcset=\"https:\/\/laboratoireorganiquedelustar.fr\/wp-content\/uploads\/2025\/01\/th-5-2.webp 450w, https:\/\/laboratoireorganiquedelustar.fr\/wp-content\/uploads\/2025\/01\/th-5-2-300x197.webp 300w\" sizes=\"(max-width: 450px) 100vw, 450px\" \/><span aria-hidden=\"true\" class=\"wp-block-cover__background has-background-dim-30 has-background-dim\" style=\"background-color:#687a97\"><\/span><div class=\"wp-block-cover__inner-container is-layout-flow wp-block-cover-is-layout-flow\">\n<p class=\"has-text-align-center has-white-color has-text-color has-background has-link-color wp-elements-5cf63166338ea698d204e2c48349a4e2\" style=\"background-color:#ffffff42;margin-top:0;margin-right:0;margin-bottom:0;margin-left:0;padding-top:var(--wp--preset--spacing--x-large);padding-right:0;padding-bottom:var(--wp--preset--spacing--x-large);padding-left:0;font-size:clamp(28.836px, 1.802rem + ((1vw - 3.2px) * 1.873), 50px);text-decoration:underline\"><strong><a href=\"http:\/\/localhost:8888\/wordpressLOL\/index.php\/lab-electronique\/\">LAB \u00c9lectronique<\/a><\/strong><\/p>\n<\/div><\/div>\n\n\n\n<div class=\"wp-block-columns is-layout-flex wp-container-core-columns-is-layout-28f84493 wp-block-columns-is-layout-flex\">\n<div class=\"wp-block-column is-layout-flow wp-block-column-is-layout-flow\" style=\"flex-basis:100%\">\n<div style=\"aspect-ratio:1;min-height:unset;\" class=\"wp-block-cover aligncenter is-light has-aspect-ratio\"><img loading=\"lazy\" decoding=\"async\" width=\"474\" height=\"315\" class=\"wp-block-cover__image-background wp-image-652\" alt=\"\" src=\"http:\/\/localhost:8888\/wordpressLOL\/wp-content\/uploads\/2025\/01\/th-6-4.webp\" data-object-fit=\"cover\" srcset=\"https:\/\/laboratoireorganiquedelustar.fr\/wp-content\/uploads\/2025\/01\/th-6-4.webp 474w, https:\/\/laboratoireorganiquedelustar.fr\/wp-content\/uploads\/2025\/01\/th-6-4-300x199.webp 300w\" sizes=\"(max-width: 474px) 100vw, 474px\" \/><span aria-hidden=\"true\" class=\"wp-block-cover__background has-background-dim\" style=\"background-color:#687a97\"><\/span><div class=\"wp-block-cover__inner-container is-layout-flow wp-block-cover-is-layout-flow\">\n<p class=\"has-text-align-center has-white-color has-text-color has-background has-link-color wp-elements-b0c6ec8ce500d58bf5a1abac3e9c4460\" style=\"background-color:#ffffff42;margin-top:0;margin-right:0;margin-bottom:0;margin-left:0;padding-top:var(--wp--preset--spacing--x-large);padding-right:0;padding-bottom:var(--wp--preset--spacing--x-large);padding-left:0;font-size:clamp(28.836px, 1.802rem + ((1vw - 3.2px) * 1.873), 50px);\"><strong><a href=\"http:\/\/localhost:8888\/wordpressLOL\/index.php\/lab-terre\/\">LAB Terre<\/a><\/strong><\/p>\n<\/div><\/div>\n<\/div>\n<\/div>\n\n\n\n<div style=\"aspect-ratio:1;min-height:unset;\" class=\"wp-block-cover is-light has-aspect-ratio\"><img loading=\"lazy\" decoding=\"async\" width=\"474\" height=\"266\" class=\"wp-block-cover__image-background wp-image-654\" alt=\"\" src=\"http:\/\/localhost:8888\/wordpressLOL\/wp-content\/uploads\/2025\/01\/th-8-2.webp\" data-object-fit=\"cover\" srcset=\"https:\/\/laboratoireorganiquedelustar.fr\/wp-content\/uploads\/2025\/01\/th-8-2.webp 474w, https:\/\/laboratoireorganiquedelustar.fr\/wp-content\/uploads\/2025\/01\/th-8-2-300x168.webp 300w\" sizes=\"(max-width: 474px) 100vw, 474px\" \/><span aria-hidden=\"true\" class=\"wp-block-cover__background has-background-dim-60 has-background-dim\" style=\"background-color:#687a97\"><\/span><div class=\"wp-block-cover__inner-container is-layout-flow wp-block-cover-is-layout-flow\">\n<p class=\"has-text-align-center has-white-color has-text-color has-background has-link-color wp-elements-d2b4bebe504559681b4190f990d3792e\" style=\"background-color:#ffffff42;margin-top:0;margin-right:0;margin-bottom:0;margin-left:0;padding-top:var(--wp--preset--spacing--x-large);padding-right:0;padding-bottom:var(--wp--preset--spacing--x-large);padding-left:0;font-size:clamp(28.836px, 1.802rem + ((1vw - 3.2px) * 1.873), 50px);\"><strong><a href=\"http:\/\/localhost:8888\/wordpressLOL\/index.php\/autres-equipements\/\">Autres \u00c9quipements<\/a><\/strong><\/p>\n<\/div><\/div>\n<\/div>\n<\/div>\n<\/div>\n\n\n\n<p>Dans un <strong>Fab Lab<\/strong> ou un atelier collaboratif, l\u2019utilisation d\u2019outils et de machines est soumise \u00e0 des r\u00e8gles strictes de s\u00e9curit\u00e9 et de bonne pratique. Il est imp\u00e9ratif de <strong>suivre une formation sur la ma\u00eetrise des machines<\/strong> avant d\u2019utiliser chaque outil. Cette approche vise non seulement \u00e0 garantir la s\u00e9curit\u00e9 des utilisateurs, mais aussi \u00e0 assurer des r\u00e9sultats de qualit\u00e9 et \u00e0 pr\u00e9server la long\u00e9vit\u00e9 du mat\u00e9riel.<\/p>\n\n\n\n<h3 class=\"wp-block-heading\">Pourquoi suivre la formation \u00ab\u00a0ma\u00eetrise machine\u00a0\u00bb ?<\/h3>\n\n\n\n<ol class=\"wp-block-list\">\n<li><strong>S\u00e9curit\u00e9<\/strong> : La premi\u00e8re raison de suivre une formation est la <strong>s\u00e9curit\u00e9<\/strong>. Les outils et machines, qu\u2019ils soient \u00e9lectroportatifs ou fixes (comme les scies, perceuses, ou bras robotis\u00e9s), peuvent \u00eatre dangereux si leur utilisation n\u2019est pas ma\u00eetris\u00e9e. La formation permet de comprendre les risques associ\u00e9s \u00e0 chaque machine et les gestes de s\u00e9curit\u00e9 \u00e0 adopter, r\u00e9duisant ainsi le risque d\u2019accidents ou de blessures.<\/li>\n\n\n\n<li><strong>Bonne utilisation des \u00e9quipements<\/strong> : Chaque machine poss\u00e8de des r\u00e9glages sp\u00e9cifiques, des fonctions propres et des techniques d\u2019utilisation particuli\u00e8res. Une formation permet de d\u00e9couvrir comment r\u00e9gler et utiliser les machines de mani\u00e8re optimale, ce qui garantit des r\u00e9sultats de haute qualit\u00e9. Par exemple, ajuster correctement la vitesse de la scie radiale ou la profondeur de coupe de la d\u00e9fonceuse est essentiel pour une d\u00e9coupe pr\u00e9cise et sans risque.<\/li>\n\n\n\n<li><strong>Pr\u00e9servation du mat\u00e9riel<\/strong> : Un mauvais usage d\u2019une machine peut entra\u00eener son usure pr\u00e9matur\u00e9e ou m\u00eame des pannes. En apprenant \u00e0 manipuler les outils avec soin, les utilisateurs contribuent \u00e0 pr\u00e9server le mat\u00e9riel du Fab Lab, ce qui assure son bon fonctionnement sur le long terme et limite les co\u00fbts de maintenance.<\/li>\n\n\n\n<li><strong>Efficacit\u00e9 dans la r\u00e9alisation des projets<\/strong> : Une formation bien men\u00e9e permet de gagner du temps et d\u2019\u00e9viter les erreurs. Conna\u00eetre les capacit\u00e9s de chaque machine, ses r\u00e9glages et ses accessoires permet de travailler plus rapidement et efficacement, tout en atteignant les r\u00e9sultats souhait\u00e9s.<\/li>\n\n\n\n<li><strong>Respect des normes et proc\u00e9dures<\/strong> : Dans un Fab Lab, il est essentiel de respecter les <strong>protocoles d\u2019utilisation<\/strong> \u00e9tablis pour chaque machine. Ces r\u00e8gles sont bas\u00e9es sur des normes de s\u00e9curit\u00e9, mais aussi sur des bonnes pratiques qui garantissent la coh\u00e9rence et la qualit\u00e9 des projets r\u00e9alis\u00e9s. La formation permet d\u2019int\u00e9grer ces r\u00e8gles et de s\u2019assurer que chaque utilisateur respecte les consignes.<\/li>\n<\/ol>\n\n\n\n<h3 class=\"wp-block-heading\">Conclusion<\/h3>\n\n\n\n<p>La formation \u00ab\u00a0ma\u00eetrise machine\u00a0\u00bb est donc une \u00e9tape indispensable pour tout utilisateur d\u2019atelier. Elle offre non seulement les bases n\u00e9cessaires pour utiliser les machines en toute s\u00e9curit\u00e9, mais aussi les comp\u00e9tences pour maximiser leur potentiel et pr\u00e9server leur durabilit\u00e9. Dans un environnement collaboratif, il est essentiel que chaque membre soit form\u00e9 avant d&rsquo;utiliser un outil, garantissant ainsi une exp\u00e9rience positive, respectueuse des autres utilisateurs, et productive.<\/p>\n\n\n\n<div style=\"height:41px\" aria-hidden=\"true\" class=\"wp-block-spacer\"><\/div>\n\n\n\n<h2 class=\"wp-block-heading has-text-align-center has-border-color has-tertiary-border-color has-max-48-font-size\" style=\"border-width:14px;line-height:1.2\"><strong>LES CONDITIONS D&rsquo;ACCES<\/strong><\/h2>\n\n\n\n<p><strong>1. L\u2019adh\u00e9sion, cl\u00e9 d\u2019entr\u00e9e \u00e0 la communaut\u00e9<\/strong><br>L\u2019adh\u00e9sion au LOL est indispensable pour rejoindre notre r\u00e9seau. Elle vous donne acc\u00e8s \u00e0 un environnement stimulant, \u00e0 des \u00e9changes riches avec d\u2019autres membres, et \u00e0 la possibilit\u00e9 d\u2019utiliser nos espaces et services. En devenant adh\u00e9rent\u00b7e, vous soutenez aussi un projet collectif qui valorise l\u2019entraide et l\u2019innovation locale.<\/p>\n\n\n\n<p><strong>2. Ma\u00eetrise des machines : la s\u00e9curit\u00e9 avant tout<\/strong><br>Pour utiliser nos outils et machines, une formation ou une validation de vos comp\u00e9tences est n\u00e9cessaire. Cela garantit une utilisation s\u00e9curis\u00e9e et optimale de nos \u00e9quipements. <\/p>\n\n\n\n<p><strong>3. Des espaces accessibles \u00e0 tous\u00b7tes<\/strong><br>M\u00eame sans utiliser les outils ou les machines, vous pouvez profiter de nos espaces pour travailler, \u00e9changer ou simplement vous inspirer. Apportez vos propres projets, collaborez avec d\u2019autres, ou venez explorer les possibilit\u00e9s qu\u2019offre notre lieu, tout en b\u00e9n\u00e9ficiant de l\u2019ambiance chaleureuse du LOL.<\/p>\n\n\n\n<p><strong>4. Un engagement \u00e0 la hauteur de vos ambitions<\/strong><br>Rejoindre le LOL, c\u2019est investir dans votre cr\u00e9ativit\u00e9, d\u00e9couvrir de nouvelles comp\u00e9tences, et participer \u00e0 un projet collectif qui fait bouger les choses. Peu importe votre niveau ou vos ambitions, il y a une place pour vous ici.<\/p>\n\n\n\n<p>Alors, pr\u00eat\u00b7e \u00e0 lib\u00e9rer votre potentiel et \u00e0 cr\u00e9er dans un lieu o\u00f9 tout devient possible ? Venez nous rejoindre, et ensemble, fabriquons l\u2019avenir !<\/p>\n\n\n\n<h2 class=\"wp-block-heading has-text-align-center has-border-color has-tertiary-border-color has-max-48-font-size\" style=\"border-width:14px;line-height:1.2\"><strong>LES HORAIRES D&rsquo;OUVERTURES<\/strong><\/h2>\n\n\n\n<p><strong>Tous les acc\u00e8s sont conditionn\u00e9s \u00e0 une r\u00e9servation pr\u00e9alable !<\/strong><\/p>\n\n\n\n<p style=\"text-decoration:underline\"><strong>Pour les professionnel\u00b7le\u00b7s :<\/strong><\/p>\n\n\n\n<p>Le laboratoire peut \u00eatre ouvert tous les jours de la semaine sur demande pour les professionnel\u00b7le\u00b7s, y compris artisan\u00b7e\u00b7s, designer\u00b7e\u00b7s, ing\u00e9nieur\u00b7e\u00b7s, et autres expert\u00b7e\u00b7s. Si vous souhaitez venir utiliser nos \u00e9quipements ou b\u00e9n\u00e9ficier de notre espace, contactez-nous pour convenir d\u2019un cr\u00e9neau adapt\u00e9 \u00e0 vos besoins.<\/p>\n\n\n\n<p style=\"text-decoration:underline\"><strong>Pour le grand public :<\/strong><\/p>\n\n\n\n<p>Nous privil\u00e9gions des espaces intimes pour favoriser les rencontres au sein de la communaut\u00e9 et encourager le travail collaboratif. <strong>Faire ensemble<\/strong> est au c\u0153ur de notre d\u00e9marche !<\/p>\n\n\n\n<ul class=\"wp-block-list\">\n<li><strong>Les Mercredis<\/strong> : 9h\/21h (sur r\u00e9servation)<\/li>\n\n\n\n<li><strong>Les OpenLabs<\/strong> : 10h\/18h<\/li>\n<\/ul>\n\n\n\n<p style=\"text-decoration:underline\"><strong>Pour les clubs :<\/strong><\/p>\n\n\n\n<ul class=\"wp-block-list\">\n<li><strong>Samedis (hors OpenLabs)<\/strong> : (sur r\u00e9servation)<\/li>\n<\/ul>\n\n\n\n<ul class=\"wp-block-list\">\n<li><strong>Les soirs de la semaine<\/strong> : 18h\/21h<\/li>\n<\/ul>\n\n\n\n<p class=\"has-text-align-center\">Tu veux en savoir plus sur les OpenLabs ? C\u2019est par ici ! \ud83d\udc47<\/p>\n\n\n\n<div class=\"wp-block-buttons has-white-background-color has-background is-content-justification-center is-layout-flex wp-container-core-buttons-is-layout-a89b3969 wp-block-buttons-is-layout-flex\">\n<div class=\"wp-block-button is-style-fill\"><a class=\"wp-block-button__link has-background wp-element-button\" href=\"http:\/\/localhost:8888\/wordpressLOL\/index.php\/les-openlabs\/\" style=\"background-color:#5696cd\"><strong>L&rsquo;OpenLab c&rsquo;est quoi ?<\/strong><\/a><\/div>\n<\/div>\n\n\n\n<div style=\"height:41px\" aria-hidden=\"true\" class=\"wp-block-spacer\"><\/div>\n\n\n\n<h2 class=\"wp-block-heading has-text-align-center has-border-color has-tertiary-border-color has-max-48-font-size\" style=\"border-width:14px;line-height:1.2\"><strong>LES TARIFS<\/strong><\/h2>\n\n\n\n<figure class=\"wp-block-image aligncenter size-large\"><img loading=\"lazy\" decoding=\"async\" width=\"724\" height=\"1024\" src=\"http:\/\/localhost:8888\/wordpressLOL\/wp-content\/uploads\/2025\/01\/GRILLE-TARIFAIRE-LOL.pdf-8-1-724x1024.png\" alt=\"\" class=\"wp-image-845\" srcset=\"https:\/\/laboratoireorganiquedelustar.fr\/wp-content\/uploads\/2025\/01\/GRILLE-TARIFAIRE-LOL.pdf-8-1-724x1024.png 724w, https:\/\/laboratoireorganiquedelustar.fr\/wp-content\/uploads\/2025\/01\/GRILLE-TARIFAIRE-LOL.pdf-8-1-212x300.png 212w, https:\/\/laboratoireorganiquedelustar.fr\/wp-content\/uploads\/2025\/01\/GRILLE-TARIFAIRE-LOL.pdf-8-1.png 1414w\" sizes=\"(max-width: 724px) 100vw, 724px\" \/><\/figure>\n\n\n\n<div style=\"height:41px\" aria-hidden=\"true\" class=\"wp-block-spacer\"><\/div>\n\n\n\n<hr class=\"wp-block-separator has-alpha-channel-opacity is-style-dots\"\/>\n\n\n\n<div class=\"wp-block-wpzoom-blocks-social-icons is-style-with-canvas-round\" style=\"--wpz-social-icons-block-item-font-size:18px;--wpz-social-icons-block-item-padding-horizontal:6px;--wpz-social-icons-block-item-padding-vertical:6px;--wpz-social-icons-block-item-margin-horizontal:5px;--wpz-social-icons-block-item-margin-vertical:5px;--wpz-social-icons-block-item-border-radius:50px;--wpz-social-icons-block-label-font-size:16px;--wpz-social-icons-block-label-color:#2e3131;--wpz-social-icons-block-label-color-hover:#2e3131;--wpz-social-icons-alignment:center\"><a href=\"https:\/\/www.facebook.com\/LaboratoiredeLustar\/\" class=\"social-icon-link\" title=\"Facebook\" style=\"--wpz-social-icons-block-item-color:#0866FF;--wpz-social-icons-block-item-color-hover:#0866FF\"><span class=\"social-icon socicon socicon-facebook\"><\/span><\/a><a href=\"https:\/\/www.instagram.com\/laboratoireorganiquelustar\/\" class=\"social-icon-link\" title=\"Instagram\" style=\"--wpz-social-icons-block-item-color:#e4405f;--wpz-social-icons-block-item-color-hover:#e4405f\"><span class=\"social-icon socicon socicon-instagram\"><\/span><\/a><\/div>\n\n\n\n<p><\/p>\n\n\n\n<div class=\"wp-block-buttons alignfull is-content-justification-center is-layout-flex wp-container-core-buttons-is-layout-12b31342 wp-block-buttons-is-layout-flex\">\n<div class=\"wp-block-button\"><a class=\"wp-block-button__link has-text-align-center wp-element-button\" href=\"http:\/\/localhost:8888\/wordpressLOL\/index.php\/contact-2\/\">Pour r\u00e9server le lieu et les machines, <strong>contactez-nous<\/strong> !<\/a><\/div>\n<\/div>\n\n\n\n<p><\/p>\n\n\n\n<div class=\"wp-block-buttons is-content-justification-center is-layout-flex wp-container-core-buttons-is-layout-a89b3969 wp-block-buttons-is-layout-flex\">\n<div class=\"wp-block-button is-style-outline is-style-outline--1\"><a class=\"wp-block-button__link has-foreground-color has-text-color has-background has-link-color has-medium-font-size has-custom-font-size wp-element-button\" href=\"https:\/\/www.helloasso.com\/associations\/laboratoire-organique-de-lustar\/adhesions\/adhesion-laboratoire-organique-de-lustar-2026\" style=\"background-color:#eed780\">Soutenez-nous en devenant adh\u00e9rent\u00b7e !<\/a><\/div>\n<\/div>\n","protected":false},"excerpt":{"rendered":"<p>Atelier Partag\u00e9 : L\u2019Univers et l\u2019Origine des FabLabs Vous \u00eates curieux\u00b7se de comprendre ce qu\u2019est un FabLab, d\u2019o\u00f9 vient ce concept et pourquoi il suscite autant d\u2019enthousiasme ? Participez \u00e0 notre atelier partag\u00e9 pour plonger dans l\u2019univers des FabLabs, ces lieux de cr\u00e9ativit\u00e9 et d\u2019innovation ouverts \u00e0 tou\u00b7tes. Au programme : Pourquoi participer ? Cet &hellip; <\/p>\n<p class=\"link-more\"><a href=\"https:\/\/laboratoireorganiquedelustar.fr\/index.php\/atelier-partage\/\" class=\"more-link\">Lire la suite de<span class=\"screen-reader-text\">\u00ab\u00a0Atelier partag\u00e9\u00a0\u00bb<\/span><\/a><\/p>\n","protected":false},"author":1,"featured_media":0,"parent":0,"menu_order":0,"comment_status":"closed","ping_status":"open","template":"","meta":{"inspiro_hide_title":false,"footnotes":""},"class_list":["post-106","page","type-page","status-publish","hentry"],"aioseo_notices":[],"featured_media_urls":[],"_links":{"self":[{"href":"https:\/\/laboratoireorganiquedelustar.fr\/index.php\/wp-json\/wp\/v2\/pages\/106","targetHints":{"allow":["GET"]}}],"collection":[{"href":"https:\/\/laboratoireorganiquedelustar.fr\/index.php\/wp-json\/wp\/v2\/pages"}],"about":[{"href":"https:\/\/laboratoireorganiquedelustar.fr\/index.php\/wp-json\/wp\/v2\/types\/page"}],"author":[{"embeddable":true,"href":"https:\/\/laboratoireorganiquedelustar.fr\/index.php\/wp-json\/wp\/v2\/users\/1"}],"replies":[{"embeddable":true,"href":"https:\/\/laboratoireorganiquedelustar.fr\/index.php\/wp-json\/wp\/v2\/comments?post=106"}],"version-history":[{"count":25,"href":"https:\/\/laboratoireorganiquedelustar.fr\/index.php\/wp-json\/wp\/v2\/pages\/106\/revisions"}],"predecessor-version":[{"id":13600,"href":"https:\/\/laboratoireorganiquedelustar.fr\/index.php\/wp-json\/wp\/v2\/pages\/106\/revisions\/13600"}],"wp:attachment":[{"href":"https:\/\/laboratoireorganiquedelustar.fr\/index.php\/wp-json\/wp\/v2\/media?parent=106"}],"curies":[{"name":"wp","href":"https:\/\/api.w.org\/{rel}","templated":true}]}}